)/2)/(15/(-100)). Suppose 3*j + 2*j - u = 0. What is the remainder when j is divided by 4?
2
What is the remainder when 16*(1 + (-3)/(-6)) is divided by (1 - 2 - -16) + -2?
11
Let z be (1 + -51)*2/(-5). Let s = z + -15. Calculate the remainder when 6 is divided by s.
1
Suppose -4*z - 4*g + 68 = 0, z - 4*g + 3*g - 27 = 0. What is the remainder when 65 is divided by z?
21
Suppose 4*z - j = j + 70, 104 = 5*z + 3*j. Let i = z + -7. What is the remainder when 33 is divided by i?
9
Let p be -1*((-2 - 1) + 3). Suppose p = 2*r + 3 - 9. What is the remainder when 14 is divided by r?
2
Suppose -k = -5*f + 4*f, k - 3 = 0. Suppose -4*b + 2*o = -o + f, 3*b = -5*o + 34. What is the remainder when (2/(-4))/(27/(-216)) is divided by b?
1
What is the remainder when 14 is divided by (1 - -1) + (-3)/(-1)?
4
Let n = -4 - -8. Calculate the remainder when 11 is divided by n.
3
Let a(q) = -q**2 + 9*q + 9. Let x = 3 + -3. Suppose x*i + 4*i - 180 = 0. What is the remainder when i is divided by a(7)?
22
Let l be (-40)/(-25) - 6/(-15). Suppose -2*r - 4*c + 0*c = -40, 52 = 5*r - l*c. What is the remainder when 46 is divided by r?
10
Let t(i) = i**3 - 5*i**2 - 5*i - 4. Let f be t(6). Suppose 5*l + 3*d = 91, f*l - 2*d + 0*d = 30. Calculate the remainder when l is divided by 10.
7
Let s = 29 - 20. Calculate the remainder when 42 is divided by (s/(-6))/(-3)*30.
12
Let v(h) = h**2 - 3*h - 5. Calculate the remainder when v(-6) is divided by 10.
9
Suppose -3*f - 205 = -3*m - f, -3*f + 128 = 2*m. Calculate the remainder when m is divided by 23.
21
What is the remainder when (-5)/2*(-96)/30 is divided by 6?
2
Let b be (-2)/(-7) - 4/14. Suppose b = 2*a - j - 36, 2*a - 4*j + 5 = 47. What is the remainder when 33 is divided by a?
16
Let r(x) = x**3 + 6*x**2 + 6*x + 7. Let z be r(-5). Suppose 0 = -4*g + p - 2 + 24, z = -p. Let u = 1 - -8. Calculate the remainder when u is divided by g.
4
Suppose -16*m - 47 = -17*m. Let i(g) = -g - 14. Let t be i(0). Calculate the remainder when m is divided by (36/14)/((-3)/t).
11
Suppose -5*j = -2*i + 73, 0 = 5*i - 2*j - 194 + 64. Let m = -10 + 16. Suppose m*y - 2*y - 52 = 0. Calculate the remainder when i is divided by y.
11
Suppose 3*c = 4*y - 0*c - 167, -c = 2*y - 91. Calculate the remainder when y is divided by 15.
14
Suppose 0 = 5*m - 0*m - 65. Let d(j) = -j**3 + 7*j**2 - 3*j + 2. Suppose -2*r = 3*r - 25. What is the remainder when d(r) is divided by m?
11
Suppose 10*v = 8*v + 30. What is the remainder when 118 is divided by v?
13
Suppose -7*o + 3*o = -3*d - 37, -2*d - 27 = -3*o. What is the remainder when 25 is divided by o?
4
Suppose -1 = -2*i + 3. Suppose -2*n = -i*r + 50, -2*n + 50 = 2*r - 7*n. Calculate the remainder when r is divided by 13.
12
Let q(y) = y**2 + y - 7. Let b(s) = s**2 + 4*s - 4. What is the remainder when b(-7) is divided by q(-4)?
2
Let z = -1 + 1. What is the remainder when 16 + 1 - (2 - z) is divided by 7 - ((2 - 4) + 0)?
6
Suppose -3*s + 0*s = 0. Suppose -7*b + 20 = -2*b. Suppose y - b*y + 120 = s. Calculate the remainder when y is divided by 14.
12
Suppose 4*t + 2 + 2 = 0. Calculate the remainder when (t + 0)/((-9)/324) is divided by 13.
10
Suppose 7*z - 2*z = 520. Suppose -5*g = -3*g - z. What is the remainder when g is divided by 18?
16
Suppose 4 = -4*g, -4*m = m + g - 69. Calculate the remainder when 54 is divided by m.
12
Suppose -3*n - 18 = -4*n. Let h(z) = -2*z + 3. Let y be h(7). Let c = y + n. What is the remainder when 13 is divided by c?
6
Let p be ((-9)/6)/((-3)/6). Suppose 5*s + 3*g = 111, 4*s - g - 85 = -p. What is the remainder when 40 is divided by s?
19
Suppose u - 27 = -3*s, 3*s - 13 - 14 = -5*u. Suppose 3 = 4*t - s. Suppose -b + 1 = -4. Calculate the remainder when b is divided by t.
2
Suppose -7*z + 10*z - 75 = 0. Let s be (14/(-4))/(2/(-16)). Suppose z + s = v. What is the remainder when v is divided by 14?
11
Let v be (-1 - 37/(-2))*2. Suppose s = -4*s + v. What is the remainder when s is divided by (-4)/(-10)*(-1 + 11)?
3
Suppose 4*v + 0*v = 28. Let l(g) = g + 1. Let w be l(-6). Let t = 15 - w. What is the remainder when t is divided by v?
6
Let l(n) = -9*n - 3. Calculate the remainder when 9 is divided by l(-1).
3
Calculate the remainder when 38 is divided by (-15 - -13) + 9 + 1.
6
Let q(p) = -1 - 5 + 3 - 4*p**3 - 8*p**2 - 3*p + 5*p**2. Suppose v - 5*v = 8. Calculate the remainder when q(v) is divided by 8.
7
Suppose 0 = -3*m + 3*i + 51, -2*m = -4*m + 3*i + 32. What is the remainder when m is divided by 10?
9
Let j(c) = 2*c**2 - 12*c + 14. Calculate the remainder when 110 is divided by j(7).
26
Let g(d) = d**2 + 10. What is the remainder when 71 is divided by g(4)?
19
Suppose -9*t = -6*t - 168. Calculate the remainder when t is divided by 21.
14
Let i = 112 + -54. Let d(t) = -20*t**3 + t + 1. Calculate the remainder when i is divided by d(-1).
18
Let d(o) = -o**3 + 4*o**2 + 6*o + 7. Suppose -44 + 118 = a. What is the remainder when a is divided by d(-2)?
17
Let s = 25 + 46. What is the remainder when s is divided by 18?
17
Let i(l) = l**2 + 6*l - 7. What is the remainder when i(4) is divided by 18?
15
Let i = 15 + -11. Let b(o) = 3*o - 9. Calculate the remainder when 6 is divided by b(i).
0
Let o(b) = -13*b - 4. Let u(f) = f. Let r(k) = -o(k) - 6*u(k). Calculate the remainder when r(5) is divided by 10.
9
Let z = 16 - 10. Suppose 2*p - 2 + z = 0. Let k = p - -4. What is the remainder when 5 is divided by k?
1
Calculate the remainder when 9 + 104 + -1 + (1 - -3) is divided by 33.
17
Let u(m) = -m**2 - 5*m. Let w be u(-5). Let r = w + 1. Suppose 0 = -2*h + 23 - r. What is the remainder when 31 is divided by h?
9
Let d = -5 - 16. What is the remainder when 4 + (-7)/(d/246) is divided by 22?
20
Suppose 78 = u + 2*c, -u - 3*c = 2*c - 93. Calculate the remainder when u/18 + 12/54 is divided by 2.
0
Suppose -16*q + 22 = -170. Calculate the remainder when 47 is divided by q.
11
Suppose -4*f + 6*f - 3*s = 83, -3*f - 4*s + 133 = 0. Calculate the remainder when f is divided by 11.
10
Let j(x) = 2*x**2 - x - 1. Calculate the remainder when 17 is divided by j(2).
2
Suppose 0 = 3*z - 3*d - 21 + 6, -19 = -5*z + 2*d. What is the remainder when 32 is divided by 88/5 - z/5?
15
Let c(f) = f**3 + 19*f**2 + 15*f - 15. What is the remainder when 75 is divided by c(-18)?
36
Suppose 0 = -5*j + 2*j + 2*g + 51, -3*g = 9. Let v = 82 - 38. What is the remainder when v is divided by j?
14
Suppose 0 = -3*p - p - 100. Let y = -14 - p. What is the remainder when 31 is divided by y?
9
Let u(x) = 115*x**2 + x + 1. Let l be u(-1). Suppose -l = -5*p + 3*j, -5 - 64 = -3*p - j. Calculate the remainder when 68 is divided by p.
22
What is the remainder when 34*(2 - (-2)/(-2)) is divided by 19?
15
Suppose 5*h = a - 3*a + 36, 2*a = 3*h + 20. Suppose -w + 1 + 36 = 0. Calculate the remainder when w is divided by a.
11
Let y = -3 - -6. Suppose -y*x + 14 = -16. Calculate the remainder when (-1 + 3)/(4/58) is divided by x.
9
Suppose q - 7 = -0*q. What is the remainder when 24 is divided by q?
3
Let v = -1 - -3. Suppose 2*w = -5*m + w + 8, 3*w + 10 = v*m. What is the remainder when 5 is divided by m?
1
Suppose 9 + 3 = 2*h. Calculate the remainder when 50 is divided by h.
2
Let r(k) = -k**3 + 3*k**2 + 4*k + 1. Let y be r(4). Suppose -4*n + 34 = -2*n. Calculate the remainder when ((-32)/(-20))/(y/20) is divided by n.
15
Let k(z) = 4*z**3 + 5*z**2 + 2*z + 10. Let f(a) = a**3 - a + 1. Let p(t) = -5*f(t) + k(t). Calculate the remainder when 32 is divided by p(6).
10
Let s be (2/(-4))/(3/(-6)). What is the remainder when 37 is divided by s/((-3)/(-171)*3)?
18
Let s(n) = n**3 + 5*n**2 - 8*n - 5. What is the remainder when 11 is divided by s(-6)?
4
Suppose -5*l - 20 = 0, 3*l - 2 = -z + 2*l. Calculate the remainder when 23 is divided by z.
5
Suppose 2 = 2*s - 8. Suppose 3*t - 13 = -i, s*t - 4*t - 5*i = -1. Calculate the remainder when 14 is divided by t.
2
Let o(n) = -n**2 - 16*n + 22. What is the remainder when 7 is divided by o(-17)?
2
Let d = 13 - 10. Calculate the remainder when 8 is divided by d.
2
Suppose -2*l + 77 = x, 3*l = -2*l + 3*x + 198. Suppose b - 1 = 13. Calculate the remainder when l is divided by b.
11
Let k(w) = 3*w**3 - 2*w**2 - 5*w - 4. What is the remainder when k(3) is divided by 17?
10
Let s = 8 - 2. Let w be ((-18)/(-8))/(